vided by l(j).
8
Let g(c) = 38*c**2 - 4*c + 1. Let r be g(-6). Suppose -r = -15*w - 418. What is the remainder when w is divided by 17?
14
What is the remainder when (8 - 11) + 453 + -1 is divided by 18?
17
Suppose -7*j = -2*j - 40. Suppose 5*p - 4*d - 33 = 0, 27 = j*p - 3*p - d. Calculate the remainder when 10 is divided by p.
0
Let j = -11 + 18. Let a(v) = v**3 - 23*v**2 + 23*v - 17. Calculate the remainder when j is divided by a(22).
2
Let w = -7 + 19. What is the remainder when 67 is divided by (54/w)/((-6)/(-24))?
13
Let b(g) = g**2 + 26*g + 25. Calculate the remainder when 932 is divided by b(-27).
48
Suppose 5*s = -5*w + 4265, -4259 = -5*w + 148*s - 147*s. Calculate the remainder when w is divided by 95.
92
Let s(h) be the third derivative of 7/2*h**3 + 3*h**2 + 0*h + 0 - 13/24*h**4 + 1/60*h**5. Calculate the remainder when s(14) is divided by 9.
8
Suppose 10*m + 121 = 11*m. Suppose b - 124 = -3*b. Calculate the remainder when m is divided by b.
28
Suppose -4*v - 6 = 2*z, 116*z - 4*v - 27 = 111*z. Let g(p) = -1 + 4*p + 0*p - 3*p. Calculate the remainder when g(6) is divided by z.
2
Suppose -5*s + 3*l + 11 = 0, 0 = -3*s + l - 3 + 12. What is the remainder when 12 is divided by s?
0
Suppose -2003 = -18*y + 787. What is the remainder when y is divided by 39?
38
Suppose -20 = -4*d, 12*j - 17*j = -2*d - 205. Calculate the remainder when j is divided by 22.
21
Let j = 41 - 38. Suppose 37 - 8 = j*w + 4*f, -w = -4*f + 1. Calculate the remainder when 31 is divided by w.
3
Let f(a) = a**3 + 6*a**2 + 6*a + 11. Suppose x + 3*q = 7, -5*q = 2*x - 0*x - 19. Calculate the remainder when x is divided by f(-5).
4
Suppose -2*w - a + 3*a = 0, 0 = w + 5*a. Suppose -2*r + w = z - 16, -4*r - z = -28. Let h(u) = u**2 - 6*u. What is the remainder when h(8) is divided by r?
4
Let n = -434 + 683. Calculate the remainder when n is divided by 86.
77
Let m(y) = -y + 12. Let x be m(9). Suppose x*h - 234 = -6*h. Calculate the remainder when 77 is divided by h.
25
Suppose 0 = 3*u - 6, 550 = 4*x - u - 4688. What is the remainder when x is divided by 41?
39
Suppose 4*z - 479 - 145 = 0. What is the remainder when z is divided by 23?
18
What is the remainder when ((-5260)/(-25))/4 + 2/5 is divided by 19?
15
Let c = 32 - -89. Calculate the remainder when c is divided by 18.
13
Suppose -5*f = 3*f - 24. Suppose -f*o - 14 = 1, 3*m - 2*o - 292 = 0. Calculate the remainder when m is divided by 25.
19
Suppose 8*b = -2*a + 3*b + 103, -5*b = 4*a - 191. Let z(r) = 7*r**2 + 6*r + 3. What is the remainder when z(-6) is divided by a?
43
Let v(a) = a**3 + 6*a**2 - 2*a - 6. Let x be v(-6). Suppose x*p = p + 510. Suppose 0 = -6*n + 3*n + p. What is the remainder when n is divided by 9?
7
Let s = -14 + 28. Suppose -6*a + a + 248 = -3*f, -3*a + 5*f = -136. Calculate the remainder when a is divided by s.
10
Let y(d) = -d**3 + 7*d**2 + 11*d - 11. Let m(b) = -2*b - 12. Let p be m(-8). Suppose 2*h = p*h - 16. What is the remainder when 37 is divided by y(h)?
11
Suppose -179 = 3*t - p, 0 = t - 5*t + p - 239. Let y = -39 - t. What is the remainder when 5*(1/10)/(7/1148) is divided by y?
19
What is the remainder when 8/14 - (-13430)/238 is divided by 12?
9
Calculate the remainder when 521 is divided by (-1 - (-4 + 4))*-57 + 1.
57
Let a(g) = -9*g + 13. Let z be a(7). Let f = z - -4. Let c = f + 65. Calculate the remainder when 37 is divided by c.
18
Let f(r) = -r**3 + 7*r**2 + 3*r + 187. What is the remainder when f(0) is divided by 24?
19
Suppose -2*m = m - 15, 0 = a + 3*m - 18. Suppose a*w + w - 40 = 0. Let b(p) = -p**2 - 13*p + 6. What is the remainder when b(-11) is divided by w?
8
Suppose -4 = -i + n, -n + 4*n - 28 = -5*i. Suppose i*v = 6 + 4. What is the remainder when v/6 + (-69)/(-9) is divided by 3?
2
Let u be (-288)/20*(2 - -3). Let z = -32 - u. Let q(l) = -l**3 - 4*l**2 + 10*l + 9. What is the remainder when z is divided by q(-6)?
19
Let m be (-282)/(-9) + 2/3. Suppose -m = 7*q - 9*q. Let c = 21 - q. What is the remainder when 29 is divided by c?
4
Let g be -3*(-2)/6 - -5. Let k = 3 + 6. Calculate the remainder when 19 is divided by g/k*(-30)/(-4).
4
Let p(d) = d**2 + 9*d + 85. Calculate the remainder when p(-10) is divided by 12.
11
Let f(v) = 2*v - 17. Let y be f(0). Let w = 24 + y. Calculate the remainder when 11 is divided by w.
4
Suppose 3*m - 3*n - 123 = 0, m - 33 - 17 = -2*n. Suppose 3*x - m = 34. What is the remainder when x is divided by 9?
8
Suppose -2*f + 3*z + 0 = -10, -4*f + 2*z + 12 = 0. Suppose -2*j + 130 = -f*l, -4*l = 3*j + l - 171. What is the remainder when j is divided by 32?
30
Suppose -2 - 2 = -4*j + 4*k, -k - 4 = 2*j. Let f = j - 3. Let b(z) = -9*z + 6. Calculate the remainder when b(f) is divided by 11.
9
Let q(i) = -i**3 + 6*i**2 - 3*i + 6. Calculate the remainder when 542 is divided by q(5).
14
Let q be 1/(-3) - (-30)/9. Suppose -t + 8 = -2. Suppose 0 = -5*k + 5*g + 35, q + t = k - 4*g. Calculate the remainder when 12 is divided by k.
2
Let l(n) = -4*n + 2. Let s(u) = 20*u - 10. Let j(f) = -16*l(f) - 3*s(f). Calculate the remainder when j(4) is divided by 130/15 + 4*(-3)/18.
6
Let o(s) = -6*s**2 + 2*s + 1. Let n be o(2). Let t = 19 + n. Suppose t = -2*h + 5*h - 186. Calculate the remainder when h is divided by 16.
14
Let z(d) = 17*d + 14. What is the remainder when 1161 is divided by z(0)?
13
Let d be 4/2 - (3 + -10). Suppose 381 + 123 = d*m. Calculate the remainder when m is divided by 12.
8
Suppose 10 = 79*v - 77*v. Suppose -42 + 177 = v*r. Calculate the remainder when 79 is divided by r.
25
Suppose 2*i + 2*b = 94, -2*b + 247 = -3*i + 8*i. What is the remainder when i is divided by 13?
12
Let q(o) = -o**2 - 11*o - 10. Let y be 44*1/(-4)*-1. Suppose -2*t = -97 - y. Calculate the remainder when t is divided by q(-8).
12
Suppose 2*f = 5*v - 51, -83 + 26 = -5*v - f. Calculate the remainder when 956 is divided by v.
10
Let t(w) = 4*w - 8. Suppose 24 = 4*k + 4*x, -2*k + 15 = x + 5. Calculate the remainder when 39 is divided by t(k).
7
Let l = -64 - -357. Suppose 43 = 4*q - l. Calculate the remainder when q is divided by 29.
26
Suppose -24*n = -29*n - 5*z + 70, 2*n = -3*z + 30. Calculate the remainder when (-2*23)/(1 - 2) is divided by n.
10
Let o = 51 - 46. What is the remainder when (-9)/(-2)*(5 - 1) is divided by o?
3
What is the remainder when (524/3)/((-96)/(-216)) is divided by 12?
9
Let h = 37 + -20. Let j = h + -16. What is the remainder when 67 is divided by j*-3 - (-17 - 3)?
16
Suppose 6*d = 3*d - 15. Let w be (-2 - -2)/(d - -7). What is the remainder when 7 is divided by (1/4 + w)*20?
2
Suppose 15*c - 216 = 669. What is the remainder when 528 is divided by c?
56
Let o(k) = -2*k**3 - 5*k**2 - 16*k + 3. What is the remainder when o(-5) is divided by 35?
33
Calculate the remainder when 152 is divided by (0 - 0) + (43 - (-20)/(-5)).
35
Suppose 3*x - 11 = 7. Let u = x - 3. Let p(w) = 2*w**3 - 4*w**2 + 3. What is the remainder when p(u) is divided by 8?
5
Suppose 3*z + 2*l = -3*l + 192, l - 3 = 0. What is the remainder when z is divided by 21?
17
Let u = 1 + 3. Let n be 20/(-2)*1210/(-44). Suppose u*h - n = -h. Calculate the remainder when h is divided by 29.
26
Suppose 0 = -314*i + 305*i + 1404. Calculate the remainder when i is divided by 24.
12
Let r = -17 + 43. Suppose -34 = -w - r. Calculate the remainder when 38 is divided by w.
6
Let h = -21106 - -21144. Let n = 263 + -154. Calculate the remainder when n is divided by h.
33
Suppose -v + 2*l = -0*l - 66, -2*l + 6 = 0. Let o = -77 - -34. Let s = v + o. What is the remainder when s is divided by 16?
13
Suppose 304 = 6*c - 770. Calculate the remainder when c is divided by 12.
11
Suppose 0 = -x - 24*i + 22*i + 24, 5*i - 120 = -5*x. What is the remainder when 68 is divided by x?
20
Suppose 3*n - s - 75 = -10, -2*n + 2*s = -42. What is the remainder when 79 is divided by n?
13
Suppose -5*a + s = -590, 8*s - 7*s = -4*a + 472. Calculate the remainder when 364 is divided by a.
10
Let t(g) = -g**3 + 11*g**2 - 24*g + 6. Calculate the remainder when 63 is divided by t(4).
19
Let p = -395 - -421. Let t(z) = z**3 + 15*z**2 + 17*z - 19. What is the remainder when t(-13) is divided by p?
20
Let x(s) be the third derivative of -s**5/60 + 3*s**4/4 + 65*s**3/6 + 12*s**2. What is the remainder when 47 is divided by x(20)